e 15 = -5*o - 10. Let c(g) = -2*g - 7. Let x be c(o). Let v(q) = x*q + 4*q**2 - 4*q + 2*q. Give v(-1).
3
Let s(n) = n - 1. Let i(b) = -2*b - 1. Let t(u) = i(u) + 3*s(u). Let h(l) = -l**2 - 5*l. Let k be h(-5). Suppose k = -g - 3*g. Calculate t(g).
-4
Let l(x) = x + 12. Let r(m) = m + 13. Let b(y) = 3*l(y) - 2*r(y). Calculate b(-7).
3
Let i(z) be the first derivative of z**2/2 + 4*z - 1. Suppose 0 = 17*f - 21*f - 24. Determine i(f).
-2
Let y be 2/(-4)*(6 + 4). Suppose 4*t - 7 - 29 = 0. Let z(q) = -4 + t + q + 2*q - 2*q. Determine z(y).
0
Let s(a) be the second derivative of a**4/12 + a**3 + 3*a**2/2 - 42*a. Determine s(-5).
-2
Let z(b) = 3 + b + 2*b - 3*b - 3*b. Calculate z(2).
-3
Let w(b) = 84 - 2*b**2 + b + 83 - 169. Determine w(1).
-3
Let v(q) = -4*q + 3 + 4*q**2 - q + 3*q - q. Let o(m) = -5*m**2 + 3*m - 4. Let c(x) = -5*o(x) - 6*v(x). Let i(a) be the first derivative of c(a). What is i(-4)?
-5
Let l(g) = -g**2 + g - 1. Let b(u) = -3*u**2 - 2*u + 2. Let i(t) = -b(t) - 2*l(t). Give i(-1).
5
Let r(d) = d + 5*d - 2 - 4*d. Suppose -k - 4*k = 5*h - 30, -5*k + 6 = -h. Calculate r(k).
2
Let p(g) = 1 - 3*g + 2 + g. Let c = 4 + -4. Suppose 3*v = x - 0*x + 1, 2*x + 3*v - 16 = c. Calculate p(x).
-7
Let r(s) = -3 - 5 - 1 - 2*s + 3. Let z be r(-4). Let m(c) = z - c**3 - 4*c - 5*c**2 + 1 - c. Calculate m(-4).
7
Let z(q) = -q - 2. Let a be z(2). Let w(b) = -b**2 - 4*b - 1. What is w(a)?
-1
Let y(j) = j**3 - 2*j**2 + j. Let o be y(1). Let t(h) = -h**3 + h**2 - h + 3. What is t(o)?
3
Let l(u) = -2*u + 8. Suppose 0 = -2*d - z + 28 - 7, d - 2*z = -2. What is l(d)?
-8
Suppose 5 = i + 5*l, -i - 3*i + 2*l = 2. Let o(x) = x + 8. Determine o(i).
8
Let b(s) be the first derivative of -s**4/4 + 4*s**3/3 - 3*s + 1. Let h = 22 + -13. Let k = h + -5. Give b(k).
-3
Let s(d) = 4*d**2 + 0 - 2 + 1. Suppose 3*j + 5 = -4*r, -5 = j - 4*r - 14. What is s(j)?
3
Let t(n) = -n**3 - 4*n**2 - 4*n - 1. Let g = 16 + -19. What is t(g)?
2
Let g(n) = n**3 + 3*n**2 - 2*n - 4. Let w(o) = o + 5. Let m be -2 + 1 + 6/(-2). Let b be w(m). Let d be 10/(b*-2) - -2. Calculate g(d).
2
Let i(h) = -2*h + 1. Let m(w) = w**2 - 13*w + 7. Let n(d) = 3*i(d) - m(d). Suppose 7 = 5*o + 2*y, 3*o - 4 - 25 = 5*y. Calculate n(o).
8
Let w(f) = 4*f - 9*f + 4 - f**2 - 6. Give w(-4).
2
Suppose -3*m - 2*m = 4*i - 6, 3 = 4*m + 5*i. Let f(y) = -4*y + 4*y + 5*y - m + 5*y**2 - y**3 + 6. Determine f(6).
-2
Let t(v) be the third derivative of 0*v + 1/3*v**3 + 0 - 1/6*v**4 + 1/12*v**5 - 2*v**2 - 1/120*v**6. Calculate t(2).
6
Suppose 3*v - 8*v = 15. Let w be v/(2/4*2). Let l(f) = -f**2 - 2*f - 3. Calculate l(w).
-6
Let m(n) = 4*n**3 + n**2 + 2*n + 1. Suppose 3*x + 5 = -2*x. What is m(x)?
-4
Let u(a) = -5*a**2 + 5*a - 16. Let z(w) = -w**2 + w - 3. Let v(j) = -2*u(j) + 11*z(j). Calculate v(-2).
-7
Let m(z) = 2*z**2 + 4*z + 2. Suppose n + 9 - 4 = 0. Let d(s) = s + 2. Let l be d(n). Determine m(l).
8
Let u(c) = c**3 + 7*c**2 - 5*c + 3. Let z(h) = h**2 - h. Let f(s) = u(s) - 5*z(s). What is f(-3)?
-6
Let i(w) = w**3 + 2*w**2 + 3*w + 2. Let g = -31 + 29. Calculate i(g).
-4
Let x(k) = -3*k**3 - 6*k**2 + k + 1. Let y(c) = 4*c**3 + 7*c**2 - 1. Let l(n) = 3*x(n) + 2*y(n). Give l(-4).
-11
Let x = -6 + 4. Let i(v) be the third derivative of -v**5/60 - v**3/3 + 2*v**2 + 29. Give i(x).
-6
Suppose 4*b + 2*w = -0 - 8, 4*b + w = -6. Let t = 4 + b. Let m(g) be the first derivative of -g**3/3 + 2*g**2 - 2. What is m(t)?
3
Let z(q) be the third derivative of q**5/60 + q**4/12 - q**3/3 + q**2. Let t be z(2). Let g(b) = -b + 8. Determine g(t).
2
Let z(j) = j**2 - 4*j. Let t = 3 + -4. Let m(b) = b. Let f(q) = t*z(q) + 2*m(q). What is f(5)?
5
Let t(f) = f**2 - f - 1 + 0*f - 4 + 0*f**2. Determine t(0).
-5
Let i(k) = 2*k**2 + 1. Suppose -5*x + j = 6*j + 10, 11 = 2*x - 3*j. Calculate i(x).
3
Let o(b) = -7*b**3 + b**2 + b + 1. Let t(k) = -k**3 - 8*k**2 - 7*k. Let l be t(-7). Suppose 4*v + 8 = -l*v. Let z be 2 - (0 + 5 + v). What is o(z)?
8
Suppose 0 = -0*y - 3*y + 6. Suppose y*p = -d + 2*d - 6, -3*d + 16 = -4*p. Let h(v) = -8*v**3 - v - 1. Calculate h(p).
8
Let r(d) = 3*d - d + 6 - 3*d. Let j(i) = 22*i - 1. Let m be j(1). Let t = m + -15. Calculate r(t).
0
Let g be 0/(3/3) - -1. Let n(z) be the second derivative of 13*z**3/6 - 2*z. Calculate n(g).
13
Let r(k) = k + 4. Let b be r(-4). Let y(h) = h**2 + 1. Calculate y(b).
1
Suppose 3*d = -2*l + 17, 5*d - 4*l - 27 = -6. Let g(q) = q**3 + 7*q**2 + 5*q + 1. Let v be g(-6). Let c(u) = -63*u + v + 60*u + 0. Determine c(d).
-8
Let u(o) = 7*o**3 - 8*o**2 - 17*o - 1. Let y(v) = 3*v**3 - 4*v**2 - 8*v - 1. Let h(f) = 2*u(f) - 5*y(f). What is h(5)?
8
Let r(b) = -3*b + 6. Let l(v) = v**2 + 11*v - 25. Let o(y) = 2*l(y) + 9*r(y). Let s be 3 - ((-2 - -2) + 3). Suppose 5*d - 15 = -s*d. Calculate o(d).
7
Let v be (2/4)/((-2)/(-8)). Suppose -v*o = i - 5, -2 = -4*i + 2*o + 18. Let g(b) = 4*b - 4 - i*b**2 - 2*b + b**3 + 4*b. Give g(4).
4
Let n(g) = -23*g**2 + 4*g + 4 + 46*g**2 - g - 22*g**2. Determine n(-3).
4
Let y(x) = -x - 1. Let n = 7 + -11. Calculate y(n).
3
Suppose -3*c - 42 = -7*n + 2*n, c - n + 12 = 0. Let x be 12/54 + 11/c. Let a(p) = 3*p**3 - 4*p**3 + 5*p**3 + p**2. What is a(x)?
-3
Let y(r) = -r + 10. Let w be y(8). Let l(k) = w*k - 2*k**2 - 2*k + k + 3*k**3. What is l(1)?
2
Let u(k) = k**2 + 9*k. Suppose 10 = -f - 3*i, -3*f + f = -4*i. Determine u(f).
-20
Suppose -7*v + 6*v - 2 = 0. Let r(x) be the first derivative of 2*x**3/3 + x**2 - 2*x + 1. Determine r(v).
2
Suppose 0 = 3*f - 9, 5*n - f = -4*f + 19. Suppose m - n*j = j - 13, 10 = -4*m - 2*j. Let c(q) be the second derivative of q**3/6 + q**2/2 + q. Give c(m).
-3
Let o = -56 - -60. Let j(h) be the second derivative of -h**5/20 + h**4/3 + h**3/6 + 3*h**2/2 - h. What is j(o)?
7
Let a = 34 - 40. Let r(d) = 3 - 1 - d - 3. Give r(a).
5
Let d(y) = -2*y**3 + y**2 + 3*y + 1. Let t = 54 - 32. Let a be 4/t + (-48)/22. Calculate d(a).
15
Let a(l) = 10*l + 6*l**3 - l**2 - 5*l - 1 - 3*l + 0*l. What is a(1)?
6
Let g(y) = 12*y**3 + y**2 - y + 1. Suppose 0*z = 4*z, 4*z = 5*d - 5. What is g(d)?
13
Let c(l) = -2*l - 4. Let y = -27 + 23. Determine c(y).
4
Let o(k) = 6*k - 9. Let n(i) = 7*i - 10. Let s(m) = 4*m**2 + 2*m - 1. Let a be 15/20 - (-1)/4. Let q be s(a). Let l(y) = q*n(y) - 6*o(y). Calculate l(4).
0
Let s(n) be the second derivative of 4/3*n**3 + 2*n + 0*n**2 + 0. What is s(-1)?
-8
Let u be ((-4)/6)/(2/15). Let r be (-4)/6 + (-16)/(-6). Let t(i) = -7 - i**r + 0 + 0*i**2 - 7*i. What is t(u)?
3
Let b = 64 + -71. Let r(x) = x**2 + 6*x - 4. Give r(b).
3
Suppose p - 5*p - 20 = 0, 0 = 5*s + 5*p. Let b = 4 + 2. Suppose d - 3*k = -12, -s*d - b = k + 2*k. Let v(u) = u**3 + 2*u**2 - u - 2. Give v(d).
-8
Let i(d) = -d**3 + 7*d**2 - 6*d + 2. Let b be i(6). Let w(o) = -2 - 5*o**b - o**2 + 3 - o + 5*o**2. Give w(0).
1
Let x(d) be the third derivative of 1/120*d**6 - 5*d**2 + 0 + 0*d - 1/24*d**4 + d**3 - 1/10*d**5. What is x(6)?
0
Let h(y) = -3*y + 2*y**2 - 3*y**2 - 36 + 41. Let m(l) = 2*l - l - 5 - 4*l**2 + 5*l**2. Let z be m(0). What is h(z)?
-5
Let i(d) be the third derivative of d**5/15 - d**4/8 + 4*d**2. What is i(2)?
10
Let g(f) = 7*f**2 + 4*f - 1. Let l(w) = -w. Let b(m) = -g(m) - 4*l(m). Let u(n) = -n**2 + 1. Let o(q) = b(q) - 2*u(q). Determine o(-1).
-6
Let f be (-3)/12 - (-7)/(-4). Let a(r) = -10*r + 9. Let o(y) = -5*y + 4. Let u(h) = 3*a(h) - 5*o(h). Let j(m) = -5*m + 8. Let c(i) = 6*j(i) - 7*u(i). Give c(f).
-11
Let m(f) = 2*f**2 + 4*f - 1. Suppose 1 = -3*j - 2*q - 11, -2*j = -3*q - 5. Let i be 2/j + (-2 - 0). What is m(i)?
5
Let r(l) = -3*l + 5. Let n(i) = i - 2. Let g(t) = 8*n(t) + 3*r(t). Let x be g(-3). Let p(c) = -3 - x*c - 1 - c. Calculate p(-3).
5
Let j(z) = 8*z + 15 - 2*z - 7 - 3*z. Calculate j(-6).
-10
Suppose -z = -5*z. Let b = z - 0. Suppose b = -2*s + s. Let g(a) = -a - 2. Calculate g(s).
-2
Let f(j) = 33 - 13 - 5*j - 19. Let w be 3/6 - 1/(-2). Determine f(w).
-4
Let r = 16 + -16. Suppose 4*d + 0 = -5*b - 2, 4*d + 4*b = 0. Let v(u) = -4*u**3 - 3 + 5*u**3 - 3*u**2 + 4*u**d. Calculate v(r).
-3
Let c(u) = 12*u**2 - 2*u - 1. Suppose 0 = 4*r - 5*k + 29, 14 = 2*r - r + 3*k. Give c(r).
13
Suppose x + 6 = 4*x. Let z(a) = 2*a**2 - 2*a**2 + 5*a**2 - x*a**2. What is z(-1)?
3
Let k(d) be the first derivative of d**2 + 2*d - 1. Let a(b) = -b**3 - 4*b**2 - 3. Let u be